2*u. What is the remainder when 20 is divided by r?
6
Let q(c) be the second derivative of -c**3/6 + 5*c**2 - 3*c. Let l be q(8). Suppose 4*f - l - 38 = 0. What is the remainder when 39 is divided by f?
9
Let q(l) = l**3 - l**2 + 4. Let u be q(0). Suppose -16 = u*s - 64. What is the remainder when s is divided by 7?
5
Suppose 17 = 3*r - 40. Calculate the remainder when r is divided by (-5)/(((-2)/(-10))/(2/(-5))).
9
Let r = 15 - 7. Calculate the remainder when r is divided by 3.
2
What is the remainder when ((-3)/(-6))/(2/772) is divided by 15?
13
Suppose 0 = -l + 5*l - 20. Calculate the remainder when 24 is divided by l.
4
Let i = -14 - -8. Let c = 10 - i. Suppose f = -2*t + 45 + 51, 0 = 3*t - 3*f - 135. Calculate the remainder when t is divided by c.
15
Let d be 0 + 0 - (1 - 1). Suppose -4*c - 16 = d, -v + 2*c - c + 13 = 0. Calculate the remainder when 17 is divided by v.
8
Suppose 3*b + 3 = -0*b, -5*b = 2*n + 13. What is the remainder when 2 + n - (-40 + 0) is divided by 13?
12
Suppose -2*w + 3 = -5. Calculate the remainder when 13 is divided by w.
1
Suppose -4*v - 4*s = -168, 20 = -0*s + 4*s. What is the remainder when v is divided by 10?
7
Let k(q) = q**2 - q. Let b(m) = m**3 - 4*m**2 - 11*m + 11. Let w(l) = b(l) - 3*k(l). What is the remainder when 32 is divided by w(8)?
10
Suppose -5*r + 52 = -23. Calculate the remainder when r is divided by 8.
7
Suppose 5*p - 70 = -5*i, -2*p = 2*p - 5*i - 56. What is the remainder when 37 is divided by p?
9
Suppose 0 = -5*r - 3*b + 51, 36 = 4*r + b - 2. Let v(a) = -a**2 - 6*a - 4. Let s be v(-4). Suppose -14 = -s*w + 6. What is the remainder when r is divided by w?
4
Suppose -2*l + 5*f = 3*f - 20, -2*f - 6 = 0. Calculate the remainder when 12 is divided by l.
5
Let n(i) = 3*i + 1. Let f be n(1). Suppose 0 = -f*m + 2*x + 20, 4*m - 3*x = m + 15. What is the remainder when (3/6)/(3/84) is divided by m?
4
Let i = 69 - 50. What is the remainder when 54 is divided by i?
16
Suppose -37*n + 36 = -25*n. What is the remainder when 124 is divided by n?
1
What is the remainder when 20/3 - 1/(-3) is divided by (21 + -15)/((-6)/(1 + -4))?
1
Suppose 2*d - 6 = -0. Let w be 228/(-8)*(-8)/d. Suppose 5*g - 24 = w. Calculate the remainder when 59 is divided by g.
19
Let n be (2/(-1) - -1) + 0. Let u(s) = s - 7. Let d be u(5). Calculate the remainder when 24 is divided by (n - d)*(12 + 1).
11
Suppose -5*w = -148 - 92. Calculate the remainder when w is divided by 26.
22
Suppose 2*f = 6*f. Suppose f = 5*g + 10, 6 + 0 = 2*h - g. Suppose h*r - 200 = -2*r. What is the remainder when r is divided by 13?
11
Let p(m) = -m**2 - m**3 + 4*m + 1 - 6*m + 0*m**2. What is the remainder when p(-3) is divided by 9?
7
Suppose h + 79 = 3*l, 5*l - 5*h = -0*h + 135. Calculate the remainder when l is divided by 14.
12
Let y(u) = 3*u**2 - 4*u - 3. Suppose 2*q + 3*m - 2 = 0, 2*q = -0*q - 2*m. Calculate the remainder when 31 is divided by y(q).
14
Let c = -2 + 4. Suppose q + u = -0*u + 49, 0 = u - c. Calculate the remainder when q is divided by ((-1)/(-2))/((-16)/(-384)).
11
Suppose i + 2 = 48. What is the remainder when i is divided by 24?
22
Suppose -2*d - 5*u + 26 = 0, 0 = -0*d + 2*d + 4*u - 22. Let n = 32 + d. Let a = -1 + 13. What is the remainder when n is divided by a?
11
Suppose 0 = -3*b + 3*u - 12, -2*u + 3*u = 0. What is the remainder when (-121)/(-7) - b/(-14) is divided by 5?
2
What is the remainder when -4 - ((2 - 41) + 4 - 4) is divided by 21?
14
Let t(d) = 5*d - 2. Suppose -7 - 5 = 4*i + 5*o, -2*i + 20 = -4*o. Calculate the remainder when t(i) is divided by (-10)/4*(-1 + -1).
3
Suppose 34*i + 32 = 36*i. Calculate the remainder when 78 is divided by i.
14
Let r(i) = -2*i**2 + 6 + 3*i**2 + 6*i - 2*i**2. Suppose -o = -0*o - 5. Calculate the remainder when 21 is divided by r(o).
10
Let c = 33 - -28. What is the remainder when c is divided by 13?
9
Suppose f = -5*l + 78, -4*f + 5*f + 2*l = 63. Calculate the remainder when f is divided by 28.
25
Suppose 9 - 5 = 2*o. Calculate the remainder when 7 is divided by o.
1
Suppose 41 = -13*q + 14*q. Let y = -4 + q. Suppose 3*w - 38 = -2*h, -4*w + 20 = 4*h - 9*h. Calculate the remainder when y is divided by w.
7
Let k(h) = -8*h - 9. Calculate the remainder when (58/8)/((-1)/(-4)) is divided by k(-3).
14
Calculate the remainder when 214 is divided by -6 + 44 + (-6)/3.
34
Let o = 247 - 223. What is the remainder when o is divided by 6?
0
Suppose 2*h + 3*h = 0. Suppose h = -2*s + 8 - 20. Let w = 29 - s. Calculate the remainder when w is divided by 9.
8
Suppose -3 + 0 = 3*r - 3*m, -5*m = -3*r - 11. Suppose -5*j + 32 + 12 = 3*w, -r*w + 3*j + 36 = 0. Calculate the remainder when 49 is divided by w.
10
Let s(l) = 4*l + 3*l**2 + 0*l**2 + 1 + 1. Calculate the remainder when s(-3) is divided by 6.
5
Let p(r) = 14*r**2. What is the remainder when 40 is divided by p(-1)?
12
Let k(c) be the third derivative of -c**4/3 + 7*c**3/6 + 2*c**2. Let s be k(-7). Suppose s - 15 = 3*q. Calculate the remainder when 46 is divided by q.
14
Suppose -3*w = 37 - 226. Suppose -57 = -4*f + w. Let b = f + -16. What is the remainder when 40 is divided by b?
12
Suppose 2*n - 12 = 2*t, -4*t = n + 4*n - 3. Let s(z) = 4*z**2 - z + 3. Let g be s(t). Suppose -4*x + x + g = 0. What is the remainder when 41 is divided by x?
13
Suppose -4*r + 75 = -3*i + 7, 66 = 5*r + i. Suppose -265 = -5*k + f, 4*f = -0*f. What is the remainder when k is divided by r?
11
Let t be -1 + 0 + 2/2. Suppose 5*i = j + 2, t*j - 1 = -2*j + 5*i. What is the remainder when j is divided by 1?
0
Suppose -5*y - 11 = -76. Suppose 0*b + 4*b - 92 = 0. Calculate the remainder when b is divided by y.
10
Suppose 19*l - 16*l = -84. Let g(d) = 2*d - 4. What is the remainder when g(7) is divided by 2/(-7) - 176/l?
4
Suppose 5*h - 4*h = 1. Calculate the remainder when 1 is divided by h.
0
Let j be 40/(-1)*(-5 - -3). Suppose -4*t = c - 26, c + j = 3*c + t. What is the remainder when c is divided by 11?
9
Suppose -2*y + 5*i = -24, -4*y + i + 6 + 6 = 0. Suppose -9 = -5*t + y*t. Let c(g) = -g**3 - g + 2. Calculate the remainder when t is divided by c(0).
1
Let m be 0/(0/(-1) + 2). Suppose m = j - 3*j + 100. What is the remainder when j is divided by 13?
11
What is the remainder when 43 is divided by (4/((-64)/120))/(1/(-2))?
13
Suppose -4*q - 4*t - 8 = 0, -t - 6 = 2*q + 2*t. Suppose q = -b + 4*b - 129. What is the remainder when b is divided by 15?
13
Suppose 0 = -3*f + 1 - 16, 4*f = -3*p + 88. Suppose 5*y - p = 29. What is the remainder when 147/3*(1 - 0) is divided by y?
10
Let s(n) = 4*n + 11. What is the remainder when 42 is divided by s(0)?
9
Suppose -3*p - 3 = -4*p. Suppose 10 = p*b - 8. What is the remainder when 15 is divided by b?
3
Let w = 31 + -18. What is the remainder when w is divided by 8?
5
Suppose -2*g = 3*u - 71, -5*u - 3*g = -0*u - 118. What is the remainder when 35 is divided by u?
12
Let k = -113 + 64. Let m = -29 - k. What is the remainder when 37 is divided by m?
17
Suppose -15 = -6*y + 3*y. Suppose q = y*c - 246, -3*q - q - 151 = -3*c. Calculate the remainder when c is divided by 13.
10
Suppose 0 = -5*s - 2*d - 4, -4*d + 5 = -7. Let t be (-266)/(-21) + s/3. What is the remainder when 28 is divided by ((-20)/8)/((-2)/t)?
13
Let h = -2 - -6. Suppose -p + 4*q = -34, 3*q + 136 = h*p - 39. What is the remainder when p is divided by 65/4 - (-2)/(-8)?
14
Suppose 1 = -2*d - 1. Let q(m) = 4 - 2*m**3 - 5 + m**2 + 3*m**3 - 24*m**3. What is the remainder when q(d) is divided by 8?
7
Let i(x) = x - 5. Let o(n) = 2*n - 6. Let s(b) = -4*i(b) + 3*o(b). Suppose -z - 45 = -6*z. Calculate the remainder when s(z) is divided by 11.
9
Let g(q) = q**2 - 11*q + 3. Let j be g(8). What is the remainder when 14 is divided by -2 + j/(-3)*1?
4
Let f = 15 + -11. Suppose 0 = n - 0 - f. Let v(q) = -5*q - 1. What is the remainder when v(-2) is divided by n?
1
Let v be ((-4)/6)/(1/(-3)). Suppose 3 + 7 = v*i. Calculate the remainder when i is divided by 2.
1
Let z = -4 + 11. Suppose 9 = 8*d - 95. Calculate the remainder when d is divided by z.
6
Let f be (-790)/(-9) - (-4)/18. Suppose -142 = -5*m - k, 2*m = 5*m + 2*k - f. What is the remainder when m is divided by ((-15)/2)/((-9)/18)?
13
Suppose 8*y = 9*y - 1. Suppose -y = 3*r - 49. What is the remainder when (-274)/(-6) - (-1)/3 is divi